= 5*x - 0*x + u - 85. Calculate the highest common divisor of x and l.
18
Let c(d) = 9*d**2 + 8*d. Let x be c(3). Calculate the highest common factor of x and 15.
15
Let c = -56 - -73. Suppose 83 - c = 2*j. What is the highest common divisor of j and 264?
33
Let w(j) = 2*j - 7. Let k be w(5). Suppose 0 = k*u + 2*u - 110. Let y(t) = 11*t**2 - 5*t - 8. Let x be y(5). Calculate the highest common factor of x and u.
22
Suppose g = 2*j - 241, 3*j + 2 = -4*g + 347. What is the highest common factor of j and 68?
17
Suppose 0 = 49*u - 30605 - 74696. Calculate the greatest common divisor of u and 7.
7
Let v be 1/(-5)*-2 - (-249)/15. Let j = 33 - v. What is the highest common divisor of j and 16?
16
Let m(v) = -2*v**3 + 20*v**2 + 7. Let a be m(10). Calculate the greatest common divisor of a and 763.
7
Let v be 218 - ((-28)/15 + (-76)/570). What is the greatest common divisor of 44 and v?
44
Let x = -10 - -12. Suppose -x = -6*z + 5*z. Suppose -2*i + 35 = z*l + i, -2*i = 3*l - 60. Calculate the greatest common divisor of 110 and l.
22
Let h = 3 - 3. Suppose -3*o + 4 + 5 = h. Suppose 0 = -2*p - o*d + 51, -p + 5*d = 3*p - 69. What is the greatest common divisor of 42 and p?
21
Let s be (-1 - 4/16)/((-1)/36). Suppose -2*j + s = j. What is the highest common factor of j and 10?
5
Let y = -3 - -4. Suppose -g = y - 4. Suppose -5*x + 6*x = 15. What is the highest common divisor of x and g?
3
Let i be 2/3 + 85/(-51). Let m be (90/36)/(i/(-6)). What is the greatest common divisor of 5 and m?
5
Suppose 0 = 35*j - 38*j + 27. What is the greatest common divisor of j and 27?
9
Suppose k + 3*x = 415, 10*k - 5*k - 3*x = 2147. Calculate the highest common divisor of k and 7.
7
Suppose -l + 34 = -5*m, -m + l - 13 = m. Let z(d) = 2*d**2 + 14*d + 27. Let v be z(m). What is the greatest common divisor of 189 and v?
27
Suppose -3*o = 4*i - 160, 4*i - o = 56 + 88. Calculate the greatest common factor of i and 592.
37
Suppose 4*s + 3 = -5. Let f(i) = -12*i**3 + i**2 + 5*i + 6. Let m be f(s). What is the greatest common divisor of m and 32?
32
Let h = 0 - -5. Suppose -4*v - 37 = -h*v. Let a(d) = 30*d**2 + 5*d + 4. Let p be a(-3). What is the highest common factor of p and v?
37
Suppose 2*t - 255 = -3*u, 3*t - 189 = 4*u + 185. Let n = -144 + 228. What is the greatest common factor of n and t?
42
Suppose 0 = 3*s - 20 - 31. Let w = s + 7. Let a = 48 + -24. What is the greatest common factor of a and w?
24
Suppose i - 7 - 1 = 5*s, 0 = -4*s - 4. Suppose 5*l - 65 = -p, 5*p + 39 = 4*l - i*l. Calculate the greatest common factor of 2 and l.
2
Let s = -233 - -247. What is the greatest common divisor of s and 140?
14
Let a be 2 - (-260)/12 - 8/12. What is the highest common divisor of a and 437?
23
Let i be (-3 - (-2 + -5))/2. Let v be (-7)/(i*((-3)/(-3))/(-2)). What is the highest common divisor of v and 7?
7
Let b be 1/((-4)/90)*-2. Suppose b = 6*k - k. Let f(j) = j**2 - 5*j - 12. Let n be f(k). What is the greatest common divisor of 60 and n?
12
Let b be (-16)/(-10)*(-110)/(-4). Suppose 183*g - 8 = 184*g, -3*x = g - 190. Calculate the highest common divisor of b and x.
22
Suppose -10*j = -2182 + 782. Let m = -39 + 67. What is the greatest common divisor of j and m?
28
Let u be (9/6)/(3/(-4)). Let k be u/1 - (-3 - (-15)/(-3)). What is the greatest common divisor of k and 138?
6
Let p = -16 + 22. Suppose -2*q + 3*q = p. Suppose 0 = 19*b - 15*b - 120. What is the highest common factor of b and q?
6
Let u(c) = -22*c**3 - 2*c**2 - c. Suppose -2*h = -4*q - 10, 0*q + 8 = -2*q + 2*h. Let b be u(q). What is the greatest common factor of 14 and b?
7
Suppose z + 3*p = 6, -22 = 2*z - 3*p - 52. What is the greatest common divisor of z and 12?
12
Let x(l) = l**2 + 7*l - 9. Let d be x(-11). Let b = -22 + d. Let a = -73 - -138. Calculate the greatest common factor of a and b.
13
Let r(z) = -z**2 - 12*z + 37. Let n be r(-15). Let o = n - -33. What is the highest common factor of 25 and o?
25
Let j be 17/2*(25 - -5). Suppose j = 6*p - p. Suppose 0 = 2*s + 3*x - p, 0*x = 2*s - 2*x - 26. What is the greatest common divisor of s and 45?
9
Suppose -u + 4 = -12. Suppose 2*l = -3*d + u, -d = -2*l - 2*d + 20. What is the highest common divisor of 33 and l?
11
Let a be 4/(-26) - 6316/13. Let g be 1/(2/(a - 0)). Let f = 435 + g. What is the highest common divisor of 24 and f?
24
Let b be 6 + -2*(-144)/4. Calculate the greatest common divisor of 130 and b.
26
Let c be (-4)/(-10)*(4 + 1). Let a = 1330 - 1328. What is the greatest common divisor of a and c?
2
Let v = -2 - -5. Let i be 12/(-18) + 17/v. Suppose -23*b = -16*b - 70. What is the highest common factor of i and b?
5
Suppose -62*b + 53020 = -18*b. Calculate the greatest common divisor of 10 and b.
5
Let b(z) = -z**2 - 24*z + 48. Let k be b(-24). What is the highest common factor of k and 36?
12
Suppose -2997 = 62*h - 24697. What is the greatest common factor of h and 28?
14
Let h = 97 + -31. Suppose -b - 86 = -2*k, -1 + 3 = b. Calculate the greatest common factor of h and k.
22
Suppose 19*i = 3753 - 3696. Let g(r) = r**2 + 4*r + 4. Let p be g(-3). What is the highest common factor of p and i?
1
Suppose 2*z - 10 = z. Suppose 5*y + d = 4 + 23, -y = -2*d - 1. Let o be 74 - (-1 + 10 - y). What is the highest common factor of o and z?
10
Suppose 35*z - 8 - 342 = 0. Calculate the greatest common factor of 130 and z.
10
Let h(s) = -s**3 + 9*s**2 - 4*s - 7. Let r be h(8). Suppose -25 = f - 1. Let l = f + r. What is the greatest common divisor of 1 and l?
1
Suppose 0 = u, -5*r - u + 120 = u. Let s = -16 + 20. Let y be 4/(1 - 2/24*s). Calculate the greatest common divisor of r and y.
6
Let t(z) = 198*z**3 + 2*z**2 + z + 1 - 197*z**3 + 10 + 8*z**2. Let a be t(-10). What is the greatest common divisor of 1 and a?
1
Suppose -2*o = 72 - 408. What is the highest common factor of 42 and o?
42
Let f(t) be the first derivative of -t**4/4 + 7*t**3/3 + 4*t - 21. Let n be f(6). Calculate the highest common divisor of 10 and n.
10
Suppose 3*y = 5 + 13. Let j be (2*15/(-36))/(8/(-48)). Suppose n + 0*i = -j*i - 1, -26 = -4*n - 5*i. What is the greatest common factor of y and n?
3
Suppose 3*g - 23 = 25. Suppose -130*t = -132*t + g. What is the highest common factor of t and 64?
8
Let h(l) = 9*l + 13. Let p be h(6). Suppose -4*o + p = -b, 5*o - 12 - 77 = -4*b. Calculate the highest common factor of o and 17.
17
Let b = 33 - 9. Suppose -110 = -4*t - 2*l, 5*t - 5*l + 152 - 327 = 0. What is the highest common divisor of b and t?
6
Suppose 7 = -0*u - u. Let v = u - -12. Calculate the highest common divisor of 5 and v.
5
Suppose -88 = -7*j + 164. Calculate the highest common divisor of 36 and j.
36
Let t be 2 + ((-20)/(-4) - -23). Calculate the highest common divisor of t and 105.
15
Let j be ((-5130)/456)/(6/(-32)). Suppose g = 4*g + 3*v - 42, -v = 1. Calculate the greatest common factor of g and j.
15
Let h = 437 - 146. Calculate the greatest common factor of h and 6.
3
Suppose 208*j - 28 = 207*j. Calculate the highest common factor of 32 and j.
4
Let n = 34 - 16. Suppose -w = -4*b - n, 0 = 4*w + 4*b - b - 148. Suppose 38 = 4*o - w. Calculate the highest common factor of 126 and o.
18
Suppose -4*k - w + 298 = -8, 0 = -2*k + 5*w + 164. Calculate the highest common divisor of 44 and k.
11
Let t = -289 + 376. Suppose f + 150 - 47 = 0. Let m = 161 + f. What is the highest common factor of m and t?
29
Let g(q) = -q**3 + 10*q**2 - 13*q + 11. Let a be g(8). What is the highest common divisor of 5 and a?
5
Suppose -61 = -5*g - 5*q + 24, -3*q + 23 = g. Calculate the highest common factor of g and 350.
14
Suppose 6*z = 11*z + 15. Let v be (z - 2)*14/(-5). What is the greatest common divisor of 28 and v?
14
Let c(m) = m**3 + 9*m**2 + 2*m + 7. Let j be c(-8). Let r = -75 + 80. Calculate the greatest common factor of j and r.
5
Suppose 468 = 16*k - 12*k. Calculate the greatest common divisor of k and 52.
13
Suppose -2*u + 3*u + 91 = 2*a, 139 = 3*a + u. Calculate the highest common divisor of 1242 and a.
46
Suppose k = 6 - 1. Suppose -4*r + 5*s + 87 = k, 5*s + 28 = r. Let a be r/7 - 9/(-21). What is the highest common divisor of 6 and a?
3
Let d(n) = -6*n**3 - 2*n**2 + 3*n + 2. Let r be d(-2). Let o = -7043 - -7091. Calculate the highest common factor of o and r.
12
Suppose 0*r - 4*r - 536 = 0